ded by n(-2)?
2
Let d = -34 - -80. Suppose -2*v = -5*v. Suppose -3*s = 4*i - 32, -2*s + 0*i + i + 25 = v. Calculate the remainder when d is divided by s.
10
Let r(b) = 2*b**2 - 17*b + 17. Let w = 64 + -56. Suppose -n - 6*k = -3*k - 14, -4 = k. What is the remainder when n is divided by r(w)?
8
Suppose 16*z + 78 - 1214 = 0. Calculate the remainder when z is divided by 36.
35
Let h(v) = -48*v - 526. What is the remainder when h(-16) is divided by 83?
76
Suppose 20*v - 1005 = -47*v. Calculate the remainder when 30 is divided by v.
0
Calculate the remainder when 26 is divided by 3/(-1*(6 + -3)/(-9)).
8
Suppose -74 = 5*z - 124. Calculate the remainder when 59 is divided by z.
9
Suppose -15*p - 4 = -11*p, 2*m - 4*p = 652. What is the remainder when m is divided by 116?
92
Let t(x) = 7*x**2 - x - 1. Let k be t(1). Suppose -111 = -k*v - p + 2*p, -3*p + 41 = 2*v. Calculate the remainder when 85 is divided by v.
19
Let b = -10 - -50. What is the remainder when b is divided by ((-5)/(-2) - 1)*(-140)/(-15)?
12
Let y(z) = -2*z + 10 + 2*z + z - 4*z. Let v be y(-8). What is the remainder when (-2 - -3)*1*v is divided by 12?
10
Suppose 0 = -6*m + 5*m - 1. What is the remainder when 32 + -15 + -2 + m is divided by 9?
5
What is the remainder when 188 is divided by 76 + (-1 + 3)/(9 + -7)?
34
Let x(v) = 19*v**2 + 220*v + 12. Calculate the remainder when x(-12) is divided by 28.
24
Let n(c) = c**3 - c**2 - c. Let f be n(0). Let m(r) = 3*r - 4. Let v be m(-3). Let t = f - v. Calculate the remainder when 50 is divided by t.
11
Let f(g) = 140*g**2 + 0 + 12*g - 137*g**2 + 9. Let y(k) = 7*k**2 + 24*k + 19. Let d(u) = -5*f(u) + 2*y(u). Calculate the remainder when 24 is divided by d(-10).
11
Suppose -50 = -4*i + 3*n, -4*i + 2*i = n - 20. Calculate the remainder when i is divided by 8.
3
Suppose 0 = 3*t + 5*a - 85, 3*t - 8*t + 125 = 5*a. Calculate the remainder when t is divided by 11.
9
Suppose 0 = 3*a + 5*f - 37, 3*a + 3*f + 1 = 28. Let c = -364 - -363. Calculate the remainder when 19 is divided by (-9)/c - (-5 + a).
9
Let t = -12 + 13. Let g(x) = 20*x**3 - 1. Calculate the remainder when 74 + (-2)/(-1) + -2 is divided by g(t).
17
Let x(s) = -s - 24. Let l be x(-8). Let z = 47 + l. What is the remainder when z is divided by 9?
4
Let j(z) = 2*z**2 + 5*z - 5. Let h be j(-4). Suppose h*u = 5*u - 5*s + 34, 5*s - 22 = -u. Calculate the remainder when 119 is divided by u.
11
Let m = -923 + 1008. What is the remainder when 591 is divided by m?
81
Let v(f) = 2*f**2 - 21*f - 14. Let u be v(14). Let c = u - 57. What is the remainder when 51 is divided by c?
24
Let r be 3 + -2 + (-2 - -11). Suppose r*y = 48 + 42. Calculate the remainder when 21 is divided by y.
3
Let a(r) = -19*r + 135. Calculate the remainder when 164 is divided by a(4).
46
Suppose 0 = -2*t - 2*x + 22, -10 = -4*t - x + 34. Calculate the remainder when 127 is divided by t.
6
Let t = 159 - 107. Suppose 5*i + t = i - 4*y, 4*y - 76 = 4*i. Calculate the remainder when 22 is divided by i*(1 - 21/12).
10
Let h(q) = -q**2 - 13*q - 1. Let x be h(-13). What is the remainder when 127 is divided by (-24)/(x + (-1)/2)?
15
Suppose -2*g - 3 = -33. Suppose 0 = -4*a + 2*b - 14, 7*a + g = 3*a + 3*b. Calculate the remainder when 6 is divided by (a - -6) + -2 - -2.
0
Suppose -4 = 4*a, 3*z + 0*z - a - 43 = 0. Let o = -2 + z. Let h(y) = -3*y - 4. What is the remainder when o is divided by h(-3)?
2
Let i = -148 + 252. What is the remainder when 35 is divided by (2/2)/(8/i)?
9
Suppose -8 = -2*i, -4*i - 153 - 29 = -3*d. Calculate the remainder when d is divided by 28.
10
Let j be (-10)/(4*(15/18 - 1)). Suppose -70 = -j*n + 10*n. Calculate the remainder when 25 is divided by n.
11
Let o(c) = 6*c**2 - 5*c**3 - 4 + 3*c - 9 + 4*c**3 - 1. What is the remainder when o(6) is divided by 2?
0
Let s be (-2 - -5)*(-20)/(-6). Suppose 0 = -2*x - 2 + s. Suppose -x*l - 55 = -f, 0*l + 83 = 2*f + l. What is the remainder when f is divided by 23?
20
Let t(b) = 15*b**2 + b. Let m(o) = -o**3 + 9*o**2 - 10*o + 1. Suppose 3*z - 4 = -2*l - 2, 4*l - z - 32 = 0. What is the remainder when m(l) is divided by t(1)?
13
Let p be -1*((1/(-1) - 4) + 2). Suppose s = -p*s + 176. What is the remainder when 130 is divided by s?
42
Suppose 39 = -b + 15. Let c = 0 + 1. Calculate the remainder when (-44)/b - (-4)/24 is divided by c.
0
Suppose 31 = t - 4*k - 20, 0 = 3*t + 3*k - 138. Let u = -115 + t. Let s = u + 157. Calculate the remainder when s is divided by 23.
20
Suppose -5*y + 5*l = -515, -17*y + 13*y + 418 = -l. What is the remainder when y is divided by 27?
24
Suppose -4*n - c = -91, 2*n - 5*c - 34 = 17. Let i be (-2)/(-6) + 68/12. Let l = i + 7. What is the remainder when n is divided by l?
10
Suppose -2*b + 32 = -3*i - 62, 0 = -2*i + b - 63. Let k = i - -47. Let m(x) = 56*x**3 + x**2 + x - 1. Calculate the remainder when m(1) is divided by k.
12
Suppose 16 + 4 = 2*p. Let b(s) = s**3 - 11*s**2 + 14*s + 5. Calculate the remainder when b(p) is divided by 16.
13
Let f = 442 + -383. What is the remainder when f is divided by 19?
2
Suppose 2*i = 2*y - 88, -5*y + 3*i - i = -232. Suppose -15 = -3*o + y. What is the remainder when o is divided by 11?
10
Suppose 0 = 4*g + 5 - 49. Suppose 35 = 2*m + g. Calculate the remainder when (-44)/550 - 1154*(-1)/50 is divided by m.
11
Suppose t + 78 = 4*t. Suppose 20*r = 1437 - 417. Calculate the remainder when r is divided by t.
25
Let n(p) = -p**3 - 6*p**2 - 7. Let k be n(-6). Let q = k + 16. Suppose 6*o + 5*o = 286. What is the remainder when o is divided by q?
8
Let l(m) = -5*m - 22. Calculate the remainder when 108/8 - (-1)/2 is divided by l(-6).
6
Let c(v) = v**3 + 7*v**2 + 6*v + 14. Let x be ((-10)/(-3) + 0)/(18/(-27)). Calculate the remainder when 99 is divided by c(x).
31
Let l be 4/(2 + (-20)/8). Let n = l - -10. Suppose n*h = 7*h - 130. What is the remainder when 49 is divided by h?
23
Let h = -76 - -258. Calculate the remainder when h is divided by 23.
21
Let w = -6843 + 6892. Calculate the remainder when w is divided by (-1 - 0) + 3 - -7.
4
Let a(y) = -y**3 - 8*y**2 - 9*y - 13. Let j be a(-8). Suppose o - j = -2*z, 0 = o - 3*o - 5*z + 117. What is the remainder when o is divided by 16?
13
Let c = -31 + 65. Let h = c - 19. Let q(d) = d**3 - 6*d**2 + 7*d - 1. What is the remainder when h is divided by q(5)?
6
Let u(n) = 22*n - 39. Calculate the remainder when u(14) is divided by 54.
53
Suppose -b - 4*k - 3 = 0, 2*k = 5*b + 4*k + 15. Let d be (-312)/(-18) - 2/b. What is the remainder when 122/12 - 3/d is divided by 3?
1
Let l(v) = v**2 + 9*v + 4. Let z(u) = u**3 + 4*u**2 - 2*u + 6. Let o be z(-5). Let p be l(o). What is the remainder when 12 is divided by p + 3/(-1)*-1?
5
Let f(q) = 14*q - 123. Let w be f(9). Let r = 0 + 4. Suppose -w = -r*z + 73. Calculate the remainder when 74 is divided by z.
17
What is the remainder when 306 is divided by (13 - -1)*((2 - 11) + 11)?
26
Let w(j) = -j**3 + 4*j**2 - 2*j - 2. Let x be w(4). Let s = x + 30. Let q = -75 - -113. Calculate the remainder when q is divided by s.
18
Suppose -25*n = -36*n + 495. Calculate the remainder when 68 is divided by n.
23
Suppose 0 = 4*k + 2*f - 56, -5*f = -k - 4*k + 55. Suppose -3*j - 3*x = 2*j - 28, -4*j + 28 = x. What is the remainder when k is divided by j*(4 + 6/(-2))?
5
Let q(h) = -8*h - 40. Suppose -2*c + 3*k + 48 = 0, -3*c - k = -80 + 19. Calculate the remainder when c is divided by q(-6).
5
Let g(r) = 3*r**3 - 11*r**2 + r + 9. Calculate the remainder when g(4) is divided by 12.
5
Let w(r) = 6*r - 88. What is the remainder when w(20) is divided by 17?
15
Let a be (-5)/(2/26*(-2)/2). Let r = a - -24. Let f = 43 + -13. Calculate the remainder when r is divided by f.
29
Let p = -7 - -13. Let q(w) = -w**3 - 6*w**2 - 8*w - 8. Let m be q(-4). What is the remainder when (-12 - m)/(6/(-4) + 1) is divided by p?
2
Let m = -217 + 432. What is the remainder when m is divided by 54?
53
Let c = 77 - 69. Let v(y) = 2*y**2 - 14*y - 7. Calculate the remainder when 16 is divided by v(c).
7
Let s(v) = -v**3 - 14*v**2 - 14*v - 5. Let d be s(-13). Suppose -10*x + 8 = -d*x. What is the remainder when 12 is divided by x?
0
Let v = -1112 + 1138. What is the remainder when 58 is divided by v?
6
Let o be 109 + 3 + 3 + -3. Suppose 2*k + 5*k - o = 0. What is the remainder wh